0633 a multiple of 663?
False
Is 162 a factor of 919188486?
True
Is 1081768600 a multiple of 2200?
True
Is 209879079 a multiple of 8?
False
Is 6339 a factor of 308400246?
False
Does 2304 divide 80947583?
False
Does 282 divide 226156003?
False
Is 85 a factor of 1621118725?
True
Does 1115 divide 255879871?
False
Is 8247570 a multiple of 69?
True
Is 107104896 a multiple of 54?
True
Is 1849158489 a multiple of 19?
True
Is 31 a factor of 82141413?
True
Is 17 a factor of 71871640?
False
Does 4 divide 253264799?
False
Does 59 divide 364788935?
False
Is 69 a factor of 1607928954?
False
Is 455161326 a multiple of 19?
False
Is 765 a factor of 844863705?
True
Does 624 divide 22957064?
False
Does 43 divide 1846404778?
True
Is 35 a factor of 72740920?
True
Does 15 divide 255763787?
False
Is 171466632 a multiple of 108?
True
Is 45429628 a multiple of 122?
True
Is 178829075 a multiple of 1190?
False
Is 1158821178 a multiple of 8?
False
Is 1663366782 a multiple of 7477?
False
Does 13 divide 16129750?
True
Does 109 divide 80591606?
False
Does 21 divide 210550431?
True
Does 59 divide 27025245?
True
Is 999888348 a multiple of 53?
False
Does 1103 divide 356620857?
True
Is 59 a factor of 21460796?
False
Does 2 divide 5611148?
True
Is 89 a factor of 894263367?
True
Does 105 divide 26905306?
False
Does 561 divide 194107565?
False
Is 37515015 a multiple of 9?
True
Is 114158612 a multiple of 19?
True
Does 417 divide 1552542291?
True
Is 705665410 a multiple of 840?
False
Is 93 a factor of 984066401?
False
Is 187333165 a multiple of 11?
False
Does 129 divide 37593878?
False
Does 367 divide 29164389?
True
Does 1040 divide 515273200?
True
Is 33 a factor of 185560287?
True
Is 29112085 a multiple of 2?
False
Is 24052296 a multiple of 138?
True
Does 7 divide 455053?
False
Does 271 divide 244121136?
True
Does 387 divide 29607435?
True
Does 60 divide 7130502254?
False
Is 197067933 a multiple of 23?
True
Is 713 a factor of 150681855?
True
Does 185 divide 123600062?
False
Does 29 divide 593097328?
True
Is 13 a factor of 137982018?
False
Is 565 a factor of 611966190?
True
Is 305 a factor of 490543090?
True
Does 332 divide 1167450456?
False
Does 8713 divide 1306145046?
False
Is 1860408776 a multiple of 8?
True
Is 95939265 a multiple of 1319?
False
Does 91 divide 49432580?
False
Is 7 a factor of 191882615?
False
Is 738231285 a multiple of 33?
True
Is 273705176 a multiple of 305?
False
Does 933 divide 2201603832?
True
Is 8749479 a multiple of 44?
False
Is 65 a factor of 16583413?
False
Is 932 a factor of 1986299926?
False
Is 71105484 a multiple of 208?
False
Is 7 a factor of 146126517?
False
Is 122858478 a multiple of 9?
True
Is 219 a factor of 188700984?
False
Does 636 divide 30818434?
False
Is 56 a factor of 4336416?
True
Is 1983 a factor of 454875114?
False
Is 90535620 a multiple of 140?
True
Is 127 a factor of 98251772?
True
Does 710 divide 61579261?
False
Is 1945 a factor of 788229236?
False
Does 1580 divide 99560540?
True
Is 55 a factor of 153567006?
False
Is 6596421 a multiple of 44?
False
Does 27 divide 570189888?
True
Does 16 divide 10637177?
False
Is 1329 a factor of 20931750?
True
Is 226 a factor of 19140618?
True
Does 30 divide 12251019?
False
Does 89 divide 35272503?
False
Is 2221310 a multiple of 182?
True
Is 487732522 a multiple of 673?
True
Does 147 divide 1639506141?
True
Is 828 a factor of 1121592548?
False
Does 832 divide 27536143?
False
Is 2336 a factor of 832118240?
True
Is 234 a factor of 6871112?
False
Does 28 divide 66746856?
False
Is 2779014492 a multiple of 12?
True
Is 57291742 a multiple of 88?
False
Is 21485844 a multiple of 6?
True
Does 168 divide 93758616?
True
Is 664 a factor of 1013271304?
True
Does 116 divide 10373532?
True
Is 373 a factor of 370888447?
True
Is 49 a factor of 58296476?
True
Is 5 a factor of 139146513?
False
Is 610400400 a multiple of 1084?
True
Is 3287 a factor of 2747932?
True
Is 1442 a factor of 515444342?
True
Is 741323296 a multiple of 3603?
False
Is 88086784 a multiple of 446?
True
Is 1443 a factor of 489599799?
True
Does 3 divide 24598869?
True
Is 29 a factor of 10825642?
True
Is 414359043 a multiple of 751?
False
Is 4096 a factor of 927506432?
True
Is 21687444 a multiple of 25?
False
Is 11263609 a multiple of 10?
False
Does 230 divide 47020280?
True
Is 5 a factor of 79268265?
True
Is 3 a factor of 724352?
False
Does 72 divide 395731944?
True
Is 26 a factor of 5637819460?
True
Is 24 a factor of 29811816?
True
Does 16 divide 51714720?
True
Is 144 a factor of 593823615?
False
Is 326451717 a multiple of 123?
True
Is 23 a factor of 90462473?
True
Is 1417 a factor of 31402878?
False
Is 151 a factor of 280010625?
True
Does 3293 divide 3636591620?
True
Is 1197 a factor of 3364201798?
False
Is 579475050 a multiple of 525?
True
Does 53 divide 3289638?
False
Does 1032 divide 537030544?
False
Is 6020200 a multiple of 200?
True
Is 407197350 a multiple of 14?
True
Is 116 a factor of 2875216900?
False
Is 68450692 a multiple of 76?
True
Is 408929041 a multiple of 77?
False
Is 42 a factor of 224534133?
False
Does 37 divide 106841015?
True
Is 8 a factor of 200410552?
True
Is 286 a factor of 79985573?
False
Does 9 divide 21233299?
False
Is 576943149 a multiple of 170?
False
Does 65 divide 134679675?
True
Is 73 a factor of 57314877?
False
Does 82 divide 40170381?
False
Does 2222 divide 78709906?
True
Is 23328693 a multiple of 88?
False
Is 63 a factor of 214187148?
True
Does 118 divide 190117845?
False
Is 28 a factor of 1751301748?
True
Is 1769 a factor of 463163118?
True
Does 116 divide 172573664?
True
Is 95 a factor of 24610413?
False
Is 937 a factor of 59424655?
False
Is 3914 a factor of 1534229290?
True
Does 41 divide 1731717?
True
Is 717359 a multiple of 11?
False
Is 79363730 a multiple of 29?
False
Is 11930810 a multiple of 32?
False
Is 49310646 a multiple of 17?
False
Is 1133 a factor of 250086240?
False
Is 445 a factor of 609653271?
False
Is 3769308 a multiple of 612?
True
Does 1180 divide 486803536?
False
Does 1376 divide 675093724?
False
Is 4 a factor of 3130192?
True
Is 1363937505 a multiple of 75?
False
Does 348 divide 78211608?
True
Is 243 a factor of 37947554?
False
Is 375266476 a multiple of 13?
True
Is 27661383 a multiple of 59?
True
Is 3 a factor of 1333161?
True
Does 254 divide 392857286?
False
Is 516259636 a multiple of 218?
False
Is 7639724 a multiple of 191?
False
Does 20 divide 6329221?
False
Is 416384353 a multiple of 17?
False
Is 666 a factor of 4425570?
True
Is 76930332 a multiple of 519?
True
Does 163 divide 38497385?
False
Is 2468076 a multiple of 524?
False
Is 3713812898 a multiple of 12?
False
Is 7955 a factor of 570548510?
True
Does 832 divide 1338024732?
False
Does 6 divide 804928044?
True
Is 40891237 a multiple of 3757?
False
Does 30 divide 1819630?
False
Does 1038 divide 281944639?
False
Is 3629 a factor of 48272958?
True
Does 13 divide 1759720859?
True
Is 35823760 a multiple of 680?
True
Does 22 divide 463806508?
True
Is 99661863 a multiple of 153?
False
Is 33592056 a multiple of 34?
False
Does 14 divide 3266313474?
False
Is 446 a factor of 90837712?
True
Is 102970889 a multiple of 8?
False
Does 5 divide 257050785?
True
Does 4753 divide 767119941?
True
Does 84 divide 18367608?
True
Is 24107184 a multiple of 6?
True
Does 140 divide 56894600?
True
Is 306 a factor of 228747872?
False
Does 9 divide 342972?
True
Is 10893153 a multiple of 42?
False
Is 112453 even?
False
Is 2409531465 a multiple of 337?
True
Is 10 a factor of 50474117?
False
Does 27 divide 2211728419?
False
Is 258 a factor of 1428582643?
False
Is 244 a factor of 20071153?
False
Is 32801255 a multiple of 431?
True
Is 33 a factor of 24308599?
False
Does 7 divide 69101689?
False
Is 1841 a factor of 479926815?
False
Is 1155167136 a multiple of 774?
True
Does 54 divide 11194038?
True
Does 40 divide 5988218228?
False
Does 120 divide 3807371880?
True
Is 131946194 a multiple of 18?
False
Is 2969057291 a multiple of 549?
False
Is 2223793520 a multiple of 28?
False
Is 8 a factor of 52099044?
False
Is 937654 a multiple of 83?
False
Is 13 a factor of 1381012373?
True
Does 7 divide 757933572?
False
Does 85 divide 39103570?
True
Is 390 a factor of 110953440?
True
Is 60113821 a multiple of 809?
False
Is 194488908 a multiple of 19?
False
Is 250 a factor of 27752512